t is the tens digit of c?
3
Let z(j) = j**3 - 2*j**2 + 3*j - 1. Let h be z(2). Suppose 0 = 2*v + 4*i + 16, -2*v - h*i = 2*v + 17. Suppose v*m + 1 = 17. What is the units digit of m?
8
Suppose -3*m = -4*j - 15 - 24, -j - 14 = -m. Let f = -8 + m. What is the units digit of (8/6)/(2/f)?
6
Let j(d) = d**3 + 9*d**2 + d + 12. What is the units digit of j(-9)?
3
Let y(c) = c**2 - 8*c + 5. Let t be y(7). Let p be (-172)/16 - t/(-8). Let x = -6 - p. What is the units digit of x?
5
Suppose -4*f - 5 + 1 = 0, -5*t - 14 = 4*f. Let g be -2 - 8/(t + 1). Let x(u) = u**3 - 6*u**2 + u - 1. What is the units digit of x(g)?
5
Suppose 4*g = 3*a + 256, -260 = -8*g + 4*g + 4*a. Let n be (-3)/15 + g/5. Suppose -3*j + 0*j = -n. What is the units digit of j?
4
Suppose 5*z - 3*b - 98 = -b, 2*z - 43 = -3*b. What is the tens digit of z?
2
Suppose -2*w + 3*w = 5*a + 80, -5*a = 3*w - 180. Suppose 3*v - 4*c + 5 = 1, 0 = 5*v + 5*c + w. Let o = -5 - v. What is the units digit of o?
3
Let h = 17 - 12. What is the units digit of h?
5
Suppose -10 = -c - 0*c. What is the tens digit of c?
1
What is the units digit of (-18 - (-3)/3)*-1?
7
Suppose -75 = 7*s - 551. What is the tens digit of s?
6
Suppose -2*w - 3*j = -j - 12, -w - 10 = -3*j. Suppose 0 = -w*f - 2*c + 50, -5*c = 5*f - c - 121. What is the units digit of f?
1
Suppose 2*f = 54 + 124. What is the tens digit of f?
8
Let a = 44 + 3. Suppose 3*x - a = -4*q, 3*q = -3*x + 2 + 37. Let n = q + 0. What is the units digit of n?
8
What is the units digit of 0/(-3) + 4/(12/195)?
5
Let d be (-20)/6*(-18)/15. Suppose 2*g - b = d*g - 24, 0 = 5*g - 4*b - 34. What is the units digit of g?
0
Suppose 2509 = -3*a + 16*a. What is the hundreds digit of a?
1
What is the units digit of -2*(-1 + 63/(-6))?
3
Let r(j) = j - 1. Let g be r(6). Suppose 0 = -4*q + g*q - 4. What is the units digit of q?
4
Let a be -11 - (4 + -2 + -4). Let q = a + 14. What is the units digit of q + 1 + (-1 - -3)?
8
Let d = 2 - -7. Suppose 2*h - 30 = v - 1, 3*v = -d. What is the tens digit of h?
1
Suppose -c + 15 + 19 = 0. What is the tens digit of c?
3
Let l(j) = j**3 + 8*j**2 + 5*j + 12. Let i be l(-6). Let r be (-1 - -2)*3 + -1. Suppose -y + i = r*y. What is the units digit of y?
8
Suppose -6*a + 180 = -438. What is the hundreds digit of a?
1
Let j = -20 - -51. Suppose 2*o + 37 = 7*o - 2*v, 0 = 4*o - 3*v - j. Suppose -5*n + o = -8. What is the units digit of n?
3
Suppose -2*u = u + 18. Let v = u - -6. Suppose 3*h - 48 + 21 = v. What is the units digit of h?
9
Let x = -25 + 56. What is the units digit of x?
1
Suppose 0 = 2*r - 7*r - 850. Let a = -85 - r. Suppose 4*p - a = -21. What is the tens digit of p?
1
Suppose -8*r - 197 + 685 = 0. What is the tens digit of r?
6
Suppose 2*y - 3*g - g - 8 = 0, 2*y = 5*g + 4. Let z = 36 - y. Let l = z + -12. What is the tens digit of l?
1
Suppose -5*r = 2*z + z - 246, 5*z = -3*r + 394. Let n = z + -9. Suppose -27 = -5*t + n. What is the units digit of t?
9
Let w = 2 + -5. Let s(t) = -t**2 + 4*t - 5. Let r be s(5). What is the units digit of (-9)/w + -5 - r?
8
Let y be (1 + 13)/(1 + 1). Let b be 0 + 1 + y + 2. Let c = b + -3. What is the units digit of c?
7
Let a(s) be the first derivative of -s**2/2 + 3*s - 1. Let c be a(5). Let l = c + 5. What is the units digit of l?
3
Let d(p) = -p + 5. Let g be d(0). Suppose -5*w - 18 + 3 = 0. Let l = w + g. What is the units digit of l?
2
Suppose 0*h + 10 = h - 5*f, -4*h = f - 19. Let n be (-1*6/2)/1. Let t = h - n. What is the units digit of t?
8
Suppose -l = -0*l - 12. What is the tens digit of l?
1
Let w(g) = -g**2 + 12*g - 12. What is the tens digit of w(7)?
2
Let r(s) = -2*s**2 - 4*s - 1. Let o be 2/(-1) + -4 + 5. Let m(x) = -x**2 + x - 1. Let g(p) = o*r(p) + 3*m(p). What is the units digit of g(6)?
4
Suppose 5*i = -5*g - 5, -3*g + 3 = i + 8. Suppose -k + 0 + i = 0. What is the units digit of ((-15)/6)/k*-2?
5
Let i be 9/(-3) - (-3 - 3). Suppose i*s - 175 = -2*s. What is the units digit of s?
5
Let s = 15 + -5. What is the tens digit of s?
1
Let i(y) = y**3 - 9*y**2 + 7*y + 5. Let r be i(6). Let w = r + 108. What is the tens digit of w?
4
Let k = 25 + -10. Suppose -j + 19 + k = -o, 148 = 4*j + 2*o. What is the units digit of j?
6
Suppose 2*g - 5*h = -2*g - 2, -2*h = 4*g - 12. Suppose -g*v = 4*s - 148, -3*s + v + 14 = -107. What is the tens digit of s?
3
Let n = 1 - -3. What is the units digit of n?
4
Let x(o) = -2*o - 8. Let s be x(-9). Let p(k) = k**3 - 11*k**2 + 6*k - 13. Let q be p(s). Let a = -35 - q. What is the tens digit of a?
1
Suppose 3*v = h + 1, 0*v = 2*h - 3*v - 4. Suppose 3*f + 2*f - 13 = -4*r, h*r + 4*f - 14 = 0. Let a = 8 + r. What is the units digit of a?
0
Let j = 609 - 407. What is the tens digit of j?
0
Suppose n = 5*h - 6, -2*h = 3*h + 5*n. What is the units digit of h?
1
Suppose 2*o = -4*i + 4, 4*i + 3 = 4*o - 5. Suppose i = -p + 4 + 2. What is the units digit of p?
6
Suppose -4*n + 1 = 5. Let b = n + 3. What is the units digit of -2 - (1*-14)/b?
5
Let c(t) = t**3 - 14*t**2 + 15*t - 17. Suppose 2*f + n = 6*n - 78, -140 = 4*f - 2*n. Let i = -21 - f. What is the units digit of c(i)?
9
Let a(m) = -168*m**3 + 2*m**2 + m. Let c be a(-1). Suppose -3*v - v - 4*j + 140 = 0, -j - c = -5*v. Let z = v + -14. What is the tens digit of z?
2
Let p = -1 + -3. Let n(v) = -v**2 - 4*v + 1. What is the units digit of n(p)?
1
Suppose -3*t = 3*a + 90, -2*t - 3*a - 42 - 13 = 0. Suppose -4*p + 279 - 83 = 0. Let x = t + p. What is the tens digit of x?
1
Suppose -4*w = t - 73, 3*t - w + 1 = 181. What is the tens digit of t?
6
Let w = 3 + -6. Let k(v) = -v - 3. Let c(j) = j + 2. Let o(y) = w*c(y) - 2*k(y). What is the units digit of o(-6)?
6
What is the units digit of (1 + 130)*(-8 + 1 - -8)?
1
Let o = 12 + -10. Suppose -f = 2*m - 39, -o*m + 16 = -m + 4*f. What is the tens digit of m?
2
Suppose -3*y + 6 = -6. Suppose -y*t + 0*t + 52 = 0. What is the tens digit of t?
1
Suppose -48 + 2 = 3*y + 5*s, -5*y - 2*s - 45 = 0. What is the units digit of (-128)/y + (-8)/28?
8
Suppose -6*k - 332 = -10*k. What is the tens digit of k?
8
Let q(d) = 20*d**2 + 7*d + 4. Let w(g) = g**2 - g - 1. Let p(l) = q(l) + 5*w(l). What is the tens digit of p(1)?
2
Let d be (8/(-10))/(4/(-10)). Suppose 2*c = 5*i + 20, -i - d*c = 1 - 9. What is the units digit of i - -1*(9 + -2)?
5
Let m(t) = t**3 + 11*t**2 - 6*t - 4. Let o be m(-9). Suppose -3*v + v - o = 0. What is the tens digit of (-2)/(-9) + v/(-9)?
1
Let t(a) = 2*a**3 + 2*a**2 + a. Suppose -4 = 7*u - 3*u. Let o be t(u). What is the units digit of 2 - o - (-2)/2?
4
Let x(m) = -22*m - 8. What is the hundreds digit of x(-6)?
1
Suppose -2*b = 3*d + 14, b - 10 = 3*d - b. What is the units digit of 10 + -1 - (d - -5)?
8
Suppose -r = l - 3, 2*r + 1 = 6*l - l. Suppose 0 = 3*n + r*n - 60. What is the units digit of n?
2
Let f(h) = h**3 + 5*h**2 - 14*h - 4. Let q(x) = -x**2 + 11*x - 6. Let c be q(11). What is the tens digit of f(c)?
4
What is the units digit of 252/4 + 9/3?
6
Let o be ((-20)/8)/((-4)/(-8)). Let w(s) = -s**3 - 3*s**2 + 3*s - 7. What is the units digit of w(o)?
8
What is the tens digit of (-5)/(40/(-36))*4?
1
Let c be 1/5 - 42/(-15). Suppose -2*o - 9 = -x, c*x - 1 = -5*o + 4. Let q = 3 + o. What is the units digit of q?
1
Let c(x) = x**2 + 5*x - 3. Let l be c(-6). Let p be 13/3 + (-1)/3. Suppose -4*d = -l*y + 39, -p*d + 6*d - 65 = -5*y. What is the units digit of y?
3
Suppose 4*u - 214 = 102. What is the tens digit of u?
7
Let c be ((2 - 6) + 0)*34. Let w = -91 - c. Suppose 0 = -4*t - t + w. What is the units digit of t?
9
Let s = 100 + -18. What is the units digit of s?
2
Let t(f) = 78*f**2 - 2*f - 3. What is the units digit of t(-1)?
7
Suppose -3*s = 5*p - 10 - 49, 0 = 3*s - 3*p - 99. Let v = s - 6. Suppose -b - b + v = 0. What is the units digit of b?
1
Let b(d) = 7*d. Suppose 0*g - 5*g + 10 = 0. What is the tens digit of b(g)?
1
Let b(s) = -s**2 + 26*s + 8. What is the tens digit of b(21)?
1
What is the units digit of 501/45*6 - 1/(-5)?
7
Suppose -2*w = -2*g + 8 + 10, 0 = 2*g + w - 30. Let j = -2 + g. What is the tens digit of j?
1
Let i = -6 + 19. What is the units digit of i?
3
Suppose 4*p - i - 74 = 0, -3*p + 0*p + 52 = i. What is the units digit of (-33)/(-2) + (-9)/p?
6
Let h = 4 - 2. Suppose b + h*b - 12 = 0. What is the units digit of b?
4
Suppose 3*